 + 56 = -5*x + 7*x, 5*v + x = 58. Is o(v) prime?
False
Suppose 0 = -2*l + 4*i - 4700, -4*l + 5*i = 688 + 8709. Let a = 3487 + l. Is a a composite number?
True
Let d = 6022 - 23494. Let y = d + 32511. Is (1/3)/(9/y) prime?
True
Let x(v) = 1681*v**2 + 62*v - 18. Is x(5) composite?
True
Let l(q) be the first derivative of q**5/60 + 469*q**4/24 - 8*q**3/3 - 5. Let m(c) be the third derivative of l(c). Is m(0) a prime number?
False
Let y(i) = -5*i - 20. Let s be y(-6). Suppose -q + s - 11 = 0. Is (q/(-4))/1 - 3910/(-8) a composite number?
True
Let j = 141670 - -470367. Is j a composite number?
False
Let j = 221849 - 33186. Is j prime?
False
Suppose 4*u - 2365 = -5*t, 3*t - 4*u = 262 + 1189. Let m = t + -184. Is m composite?
False
Let b = -77069 + 150020. Is b prime?
False
Let k be (-119914)/14 + 130/455. Let q = -5642 - k. Is q composite?
True
Let l be 12/18 + (-12486)/(-9) + 0. Suppose -j - 5*i = -l, -4*j + 5*i = 4*i - 5447. Is j a composite number?
True
Suppose 64*f = 65*f. Suppose -2*c - 5*i = -2093, f = -8*c + 6*c + i + 2123. Is c a prime number?
False
Let s = -38 - -40. Suppose 2*r = -5*g + 139, 5*r = s*g - g - 44. Suppose 25*q = g*q - 1172. Is q a composite number?
False
Let y(z) = -z**2 + 5*z + 19. Let s be y(7). Suppose 3*n = 4*g + 6*n - 18536, -s*n = -g + 4657. Is g composite?
False
Let j(t) be the first derivative of 76*t**3/3 + 43*t**2/2 + 10*t - 66. Is j(-9) a prime number?
True
Is ((-84356097)/(-196))/(3/4) prime?
True
Let x be (5 - 3)*54215/10. Let d = 17276 - x. Is d a composite number?
True
Suppose 210 = -m - 0. Let b = m - -503. Is b composite?
False
Suppose -2*c = -5*i + 890593, 5*i = -c + 906003 - 15422. Is i composite?
False
Let v = 86751 - 35704. Is v composite?
False
Let y(w) = w**3 + 2*w**2 + 3*w + 1. Let j(c) = -50*c**3 + 12*c**2 - 2*c + 13. Let v(s) = j(s) - 2*y(s). Is v(-6) prime?
True
Suppose 26*b = 13*b + 5444465. Is b prime?
False
Let a(v) = -24*v + 23. Let t be a(1). Is (-14 + 14)/(-7) - 9305*t a composite number?
True
Let p be (-10)/4 - 44/(-8). Suppose 5*n - 5*m - 2635 = 0, -4*n = -p*m + 4*m - 2108. Is n prime?
False
Let r be (20/30)/(2/12). Suppose -753 = -r*t + 151. Let w = 33 + t. Is w a composite number?
True
Let h(m) = 11838*m + 6662. Is h(8) a prime number?
False
Let b be ((-454)/(-8))/(7/476). Suppose -b = -8*j + 189. Suppose -d + j = d. Is d a composite number?
True
Let h be (-140)/18 - (-4)/(-18). Let j(s) = -2*s**2 - 17*s - 5. Let c be j(h). Is (1 - (-20)/(-16))/(c/(-13956)) composite?
False
Let v(d) = 26*d - 5*d**3 + 19 - 44 - d**2 + 4*d**3. Is v(-14) prime?
False
Let s(o) = -761*o + 324. Let h(u) = 1519*u - 650. Let g(j) = -6*h(j) - 11*s(j). Is g(-11) a composite number?
True
Let w be (6/2)/(9/105). Suppose w*u - 32*u - 3129 = 0. Is u a prime number?
False
Suppose -4*z - 24 = -12*z. Suppose 3*t = -z*l - t - 78, -5*l - 2*t = 116. Is (356 + -2)*(-11)/l composite?
True
Let m be -9 + 2*(2 + 35/(-14)). Let q(o) = 18 + 36*o + 3 + 2 - 163*o. Is q(m) prime?
False
Let q = -3147 + 6980. Is q a composite number?
False
Is -260473*((-13)/26)/((-6)/(-4))*3 a composite number?
True
Suppose -f + 5*f + 2510 = t, -2*t - 2516 = 4*f. Is (-18)/12*f/6 prime?
True
Let z = -98 - -103. Suppose 5*c + b = 14700, -c + z*b + 14670 = 4*c. Is c prime?
True
Let x(d) = -281*d**2 + 13*d - 14. Suppose -12*a + 11*a = -4. Let z(t) = 141*t**2 - 6*t + 7. Let h(c) = a*x(c) + 9*z(c). Is h(-3) prime?
False
Let u(a) = -75052*a + 10387. Is u(-27) composite?
False
Let i be ((-5)/(-15)*3)/(3/30). Let c be i*((-48)/20)/(-4). Suppose -c*m + j = -m - 480, -4*j + 20 = 0. Is m prime?
True
Suppose 1004765 = 3*m - j, 54*j - 1674603 = -5*m + 53*j. Is m a composite number?
True
Suppose -88 = 4*i - 6*i. Let f = 1234 - i. Let h = 711 + f. Is h composite?
False
Let r(w) = 15*w**2 + 17*w + 335. Is r(-9) composite?
True
Let z(d) = -d**3 - 36*d**2 + 4*d + 234. Let y be z(-36). Suppose 2*n = -y + 12868. Is n a prime number?
True
Let j(x) = 0 + 17*x**2 + 10*x**3 - 4*x**3 - 13*x - 2. Let z be j(7). Is (0 + 1)*z*1/2 a prime number?
True
Suppose -4*o - 3*j + 155 = 2*j, -143 = -4*o - j. Let h be (-5)/(35/96) + (-10)/o. Let p(n) = -76*n - 9. Is p(h) a prime number?
False
Suppose 5*x + 5*s = 65180, 2733 = 3*x - 5*s - 36335. Is x composite?
True
Suppose 18*g - 263111 = -164*g + 10086501. Is g a prime number?
False
Let k(x) = -x**3 - 10*x**2 + 9*x - 3. Let l be k(6). Suppose 5*o = 10, 0*y = -3*y + 2*o - 3610. Let s = l - y. Is s a prime number?
True
Suppose -3*u + 34 = -4*d, -4*d - 10 = -3*u + 4*u. Is 136206/12 - (-3)/u a prime number?
True
Let l(n) = -n**2 + 28*n + 26. Let q be l(23). Let g = q + -138. Suppose -5*x - g*y + 13037 = y, -5*x = 2*y - 13041. Is x prime?
True
Suppose -3*p + 5*o = -26 - 14, -20 = -2*p + 2*o. Suppose 3*s - 5471 = 2*z + 9244, 24503 = p*s + 4*z. Is s composite?
False
Let m = 562 - 285. Let c(o) = 2*o**3 - 2*o**2 - 5*o - 15. Let j be c(5). Let a = m + j. Is a composite?
True
Let y(f) be the first derivative of f**4/2 - 4*f**3 - 9*f**2/2 + 20*f - 17. Let z be y(20). Is z/18 + 1/(-3) prime?
True
Let i = -7 - -9. Suppose -g - 3 = 4*t - 1, -10 = -i*g - t. Suppose -2153 = -7*u + g*u. Is u a prime number?
True
Suppose -74*m - 3869720 = -114*m. Is m prime?
False
Let i(j) = -j**3 + 7*j**2 + 7*j - 16. Let o be i(7). Suppose d = -3, 5*v - o - 3150 = -4*d. Let g = 937 - v. Is g prime?
False
Let y = 619830 - -642713. Is y composite?
False
Suppose 0 = 2*w + 38 + 40. Let h = 44 + w. Suppose -h*y + 4112 = -483. Is y a prime number?
True
Let v(i) = -44*i**2 - 3*i - 3. Let h be v(-1). Let k = -47 - h. Is k + 720/(-1 + 2) prime?
False
Let s(p) be the second derivative of 0 - 19/2*p**2 - 35*p - 35/6*p**3. Is s(-6) a composite number?
False
Suppose 4*l - 2*h - 852 = 9242, 2*l = -3*h + 5035. Let f = -1308 + l. Is f a composite number?
True
Let p(v) = 19650*v - 3581. Is p(12) a composite number?
True
Let i be ((-3594)/45 - (-2)/10)*-3. Let u = 570 - i. Is u a prime number?
True
Let g(a) = -22*a**3 - a**2 - 30*a - 74. Is g(-17) a prime number?
True
Let b = 267 - 265. Is (-14542)/(-44) + 1/b a composite number?
False
Suppose -206*i + 113563 = -1603035. Is i a prime number?
False
Let h(j) = 211*j**3 + j**2 - 2*j + 1. Suppose -25*t + 31*t - 6 = 0. Is h(t) a composite number?
False
Let m(f) = 2*f**2 + 20*f + 2. Let u be m(-10). Suppose c - 4 = a - u*a, c - 4 = -2*a. Suppose s = -a*s + 295. Is s composite?
True
Suppose -4*t = u - 10, 2*u - 4*u = 3*t - 10. Let z be (8 + -15)*(t + -4). Suppose -z*r = -17*r + 1497. Is r a composite number?
False
Let w be 1/4 - 90265/(-140). Let a be (510/(-4))/(24/(-32)). Suppose w = 5*o - a. Is o prime?
True
Suppose -28535 = -2*x + 5*d, -5*x + 4*d - 18075 + 89455 = 0. Is x - ((-86)/18 - (-40)/(-180)) composite?
True
Let l(k) = 2*k - 7. Let b be l(6). Suppose -5*w + 16570 = b*w. Is w prime?
True
Let l(r) = 16*r + 56. Let v be l(-4). Let c(d) = d**3 + d**2 + 7*d - 5. Let q(i) = i**3. Let g(p) = -c(p) - 3*q(p). Is g(v) a prime number?
False
Suppose -36723465 = 2928*r - 2973*r. Is r a composite number?
False
Let m(f) = -740*f**2 + f - 52. Let h be m(-9). Let o = -686 - h. Is o prime?
False
Let o = -138 - -135. Let a be (-1)/o*(-1 + 31195). Suppose 9*r + a = 15*r. Is r prime?
True
Suppose 2*y - 9 = -1. Suppose -5*z - 2*x + x = -50, 2*x - 37 = -3*z. Suppose 0 = -y*t + z*t - 955. Is t prime?
True
Suppose 0 = -119*c - 465813 + 2309055 + 8712296. Is c a prime number?
False
Let t = 15615 + -27901. Is (4/(-1) - -2)*t/4 prime?
True
Let w be (-4581)/((11/3 - 1) + -3). Suppose -9821 = -3*s - 2*a - 1570, w = 5*s - a. Is s a composite number?
False
Suppose 59*o = 23*o + 3799476. Is o composite?
False
Suppose -2*q + n + 4217 = -487, 3*q + 5*n - 7069 = 0. Let y = q + 5002. Is y prime?
False
Let k(r) = -1392*r + 115. Let i be ((-9)/((-360)/16))/(2/(-10)). Is k(i) prime?
False
Let n(t) = -511*t**3 + 25*t**2 - 24*t - 21. Is n(-10) composite?
False
Let n(c) = 11*c**3 - 14*c**2 + 9*c - 5. Let v be n(9). Let a = v + -1602. Is a a composite number?
True
Suppose -3*j + 3*w + w + 15 = 0, 2*w = -3*j + 15. Suppose b + 336 = s, 321 = -j*s + 6*s + 2*b. Is s a prime number?
True
Let d(a) be the third derivative of 145*a**4/12 - 3*a**3/2 - 59*a**2. Suppose -3*b + 12 = 2*b - z, -b = 5*z + 8. Is d(b) a composite number?
False
Let x = -51 + 65. Suppose -3*h - 10 = x. Is -1 - 1 